2*i + 5. Let x be 6/(-4) + (-7425)/90. Let w be 6/(-21) + 312/x. Determine o(w).
-3
Let v be (-4)/(-16)*(1 + (-6)/6). Let t(l) = 8*l**2 + 7*l + v*l**3 + l**3 + 11 - 2*l**3. What is t(9)?
-7
Let t(y) be the second derivative of y**5/20 - 7*y**4/12 + y**3 + 5*y**2/2 + 318*y. Suppose 23 = -11*q + 89. What is t(q)?
5
Let j = 329 + -113. Let h = j + -221. Let t(g) = -g**3 - 5*g**2 + 2*g - 1. Determine t(h).
-11
Suppose x = -4*x + 160. Let v = x - 30. Let k(s) = 176 + 0*s**2 - 174 + s**2. Calculate k(v).
6
Let i(f) be the first derivative of -f**2 + 6*f + 14225. Let q = 3 - 1. Let c be q/11 - (-320)/55. Give i(c).
-6
Let t(y) = y**3 + 17*y**2 - 14*y + 16. Let a(l) = -3*l**2 + 51*l + 96. Let k be a(19). What is t(k)?
-56
Let r(b) = -1 + 9 + b**2 + 11 - 14*b + 37 - 9. What is r(6)?
-1
Let s(j) = -101*j**2 - 36*j - 3. Let o(g) = 67*g**2 + 23*g + 2. Let q(t) = 8*o(t) + 5*s(t). Give q(-1).
28
Let r(k) = k**3 + 5*k**2 + 4. Let a be 667/(-2)*(-26)/13. Let d = -672 + a. Give r(d).
4
Suppose -47*t - 12 = -52*t + 3*p, 3*p - 3 = 0. Let n(b) = b**3 + b**2 - b + 1. What is n(t)?
34
Let v(r) = r - r**2 - 7*r**2 - 2*r. Let w be 2 - ((-63)/(-9) + -7)/9. What is v(w)?
-34
Let c(b) = 7*b - 37. Suppose 13*m = 10*m + 21. Determine c(m).
12
Let u(h) = 16*h + 3. Let l(k) = 9*k + 21*k**2 - 3*k - 2*k**3 - k - 21 - 3*k. Let p be l(10). Let t = -101 + p. Give u(t).
-29
Let p(t) = -12*t + 4*t - 9*t + t + 144*t**2 + 20 - 143*t**2. What is p(13)?
-19
Let g(n) = -70*n**2 - 5*n - 2. Let l(i) = -30*i**2 - 2*i - 1. Let q(k) = 4*g(k) - 9*l(k). Give q(1).
-11
Suppose -t + 27 = -4*q, 0 = 96*q - 98*q - 4*t. Let v(p) = -29*p - 173. Determine v(q).
1
Suppose 7874 - 7810 = 8*f. Let n(w) = w**2 - 14*w + 3. Determine n(f).
-45
Let w = 26 + -33. Let f(u) = -u**2 - 8*u - 8. Let b = -6 + 9. Let z(m) = m**2 + 7*m + 7. Let s(d) = b*z(d) + 2*f(d). Determine s(w).
19
Let h be (-1)/(-2) + 9/(-6). Let r(b) = 10*b + 24. Let q(p) = p + 3. Let x(k) = -24*q(k) + 3*r(k). Let t be x(h). Let s(n) = n + 4. Give s(t).
-2
Let q(j) = -j**2 - 16*j - 36. Let v be q(-13). Let d(b) = 90*b - 87*b + 3 + v. What is d(8)?
30
Suppose 43 = -7*s + 57. Let a(g) = 611 + g**s - 612 - 5*g**2. Calculate a(1).
-5
Let i(y) be the first derivative of -y**4/4 + 8*y**3/3 - 7*y**2/2 - 9*y + 21110. Let z be 2/(-1)*(-7)/2. Give i(z).
-9
Let l(q) = -q + 1. Let h(u) = 2*u**2 - 3*u + 4. Let y(s) = h(s) - 6*l(s). Let z = 476 + -458. Let i(d) = -2*d + 33. Let x be i(z). Calculate y(x).
7
Let f(o) = -10*o**2 - 13*o + 8. Let n(z) = 3*z**2 + 4*z - 3. Let m(j) = -2*f(j) - 7*n(j). Let c = -96 - -94. Let d be (c/6)/(118/(-30) - -4). Determine m(d).
-10
Let u(m) = m**2 - m - 4. Let x = -4640 - -4649. What is u(x)?
68
Suppose 4*y - 2*y = -3*n + 1083, -2*n = -4*y + 2206. Let w(u) = 3 + 3 + 551*u - y*u. Calculate w(-6).
-6
Let x(k) = k - 4 - 34*k**3 + 33*k**3 + 2 + 11*k**2 - 3*k**2 - 4*k**2. Let s be (-6)/9*-3 - -3. What is x(s)?
-22
Let k(p) = 53*p + 2606. Let v be k(-49). Let n(y) = -9*y + 65. Determine n(v).
-16
Let i(x) be the second derivative of -x**5/20 + 5*x**4/12 - 7*x**3/6 + 9*x**2/2 + 3*x - 6. Determine i(6).
-69
Let o(v) be the third derivative of v**6/120 - v**5/12 + v**4/8 - 5*v**3/6 - 2*v**2 - 1845. Let z(w) = w**3 - 6*w**2 + 2*w - 8. Let a be z(6). Determine o(a).
-9
Let u(q) = -26*q - 6. Let l be u(-5). Let i = -16951 - -17071. Let d = l - i. Let f(a) = a**2 - 2*a. What is f(d)?
8
Suppose -89 = 4*j + 3*u - 59, -2*u + 4 = 0. Let f(g) = 3*g + 11. Let w(h) = 7*h + 23. Let c(p) = -5*f(p) + 2*w(p). Give c(j).
0
Let b be (-48)/(-18) + -2 - (-10)/(-6). Let p be (b - 0)*(4/(-1))/1. Let t(z) = 1 - 7*z**2 + 10*z**2 - 4*z**2 + z**3 + p*z - 2*z. Determine t(2).
9
Let z(n) = 6*n**2 - 10*n - 22. Let r(u) = -20*u**2 + 29*u + 71. Let m(k) = 2*r(k) + 7*z(k). What is m(10)?
68
Let k(n) = 19*n**3 - 25*n**2 + 38*n - 157. Let u(m) = m**3 - m**2 + m - 1. Let g(j) = -k(j) + 18*u(j). Give g(7).
-1
Let m(t) = -2*t - 22. Let b be m(-11). Let y(v) = -v + 3. Let g be y(b). Let o(x) = 318 - 316 - g*x + 2*x. Give o(4).
-2
Let u(f) = f + 4 - 3 + 3 - 3. Suppose -7*q = -139 - 393. Let c = q + -74. Determine u(c).
3
Let f(a) be the second derivative of -a**6/180 - a**5/40 - a**4/12 + 7*a**2/2 - 47*a. Let c(m) be the third derivative of f(m). Calculate c(-6).
21
Suppose 2*g - 4*g = -20. Let h(u) = -g - u**2 - 10*u + 11 + 8. Suppose f + 21 = 2*d, -5*d = -f - 23 - 13. What is h(f)?
-2
Let o(m) = 9*m**2 - 2*m + 34. Let c(x) = 11*x**2 - 4*x + 35. Let b(j) = 5*c(j) - 6*o(j). What is b(13)?
36
Let g be 2*30/8*7508/(-11262). Let w(m) = 4*m**2 + 5 - 1 - 4*m + 2*m + m**3. Determine w(g).
-11
Suppose 2*y = -u + 2, 3*y = 4*y - 4*u + 8. Let g(s) be the third derivative of s**5/60 - s**4/24 - 5*s**3/6 + 4509*s**2. What is g(y)?
-5
Let i = 267 - 227. Let v(x) = -i - 3*x + 29 + x + 3*x. Give v(6).
-5
Let n(i) = -3*i - 28. Suppose g = -2*c - 23, -124 = 11*c + g + 4*g. Give n(c).
-1
Let k(h) = 3*h - 7. Let o be 1915/9 + -8 + 370/45. Let f = -213 + o. Determine k(f).
-7
Let q(g) = -g**3 - g**2 + g - 7. Let z = 29 + -19. Suppose -w - 3*d + 5 = -z, 2*w = -4*d + 34. Let u(s) = 2*s - 42. Let t be u(w). Calculate q(t).
-7
Suppose -279*u = -253*u - 130. Let g(y) be the third derivative of 0 + 10*y**2 + 0*y**4 + 1/20*y**u + 0*y + 1/6*y**3. Calculate g(2).
13
Let u(h) = h + 11. Let m = 349 - 691. Let f be 101/(-9) - 76/m. Give u(f).
0
Let y(f) = 4*f**2 - f + 2. Let d(x) = 3*x**2 - 27*x - 27. Let m(t) = -5*t**2 + 41*t + 40. Let k(r) = -8*d(r) - 5*m(r). Let s be k(-9). Give y(s).
20
Let l(s) = s**3 - 7*s**2 + s + 19. Let o(v) = -96*v + 1448. Let n be o(15). Determine l(n).
91
Let s = 3 + -2. Let k(b) = -b - 1. Let f(h) = h + 21. Let d(y) = s*f(y) + 2*k(y). Let i be (-17)/(-2)*2 + (-44 - -27). Calculate d(i).
19
Let y(q) = -3*q - 2*q**2 + 3 + 2 - 7 + 4*q. Let k(x) = 12*x + 94. Let n be k(-8). What is y(n)?
-12
Let r(h) = -19*h + 10. Suppose 57 = 4210*j - 4229*j. Calculate r(j).
67
Let u(s) = 2*s - 13 + 2 - 1. Suppose -142*h - 119*h = 423*h. Determine u(h).
-12
Let r(m) be the third derivative of -m**6/120 - m**5/60 + m**4/24 + 6*m**3 + m**2 - 28*m + 7. Give r(0).
36
Let v = 7370 + -7340. Let w(m) = m**2 - 32*m + 97. Give w(v).
37
Let c(g) = 7*g**2 + 7*g + 7. Let y(o) = 9*o**2 + 2*o + 1. Let s(z) = -8*z**2 - 2*z - 1. Let d(w) = 7*s(w) + 6*y(w). Let l(p) = -c(p) - 4*d(p). Give l(-6).
27
Let p be -7 + 5 + 3/((-6)/4). Let b be 13/p + 77/308. Let z(h) = -h**2 - 3*h - 1. Give z(b).
-1
Suppose 222 = 3*i - 3*w, -3*i - 4*w + 9*w = -230. Let z(u) = 48 - i + 22 + 4*u**2 + u - u**3. Calculate z(4).
4
Suppose 84 = 60*r - 96. Let x(v) be the third derivative of 0*v + 11*v**2 + 1/6*v**4 - 5/6*v**r + 0. Give x(6).
19
Let q(g) = -13*g - 3. Let k(r) = -40*r - 9. Let x = 25 - 28. Let s(f) = x*k(f) + 8*q(f). Let z(t) = 9*t + 2. Let c(b) = -4*s(b) + 7*z(b). Give c(10).
-8
Let j(x) = -226*x - 2*x**2 + 3*x**2 - 6 + 239*x + 0*x**2. Calculate j(-11).
-28
Let n(s) = -s**2 - 7*s + 5. Let j be (136 - 4)/(-4)*24/(-9). Let c = j - 96. What is n(c)?
-3
Let i = 375 + -419. Let t be 26/169 - 1*i/52. Let n(x) = -5*x**2 - 2*x + 2. Calculate n(t).
-5
Let n(s) = 9*s**3 + s**2 - 3*s + 1. Let b be -1*(369/(-861) - (-4)/(-7)). Calculate n(b).
8
Let n(v) be the third derivative of v**5/60 + 3*v**4/8 + 4*v**3/3 - 125*v**2. Let x = -2 - 10. Let z(w) = 2*w + 17. Let j be z(x). Determine n(j).
-6
Let o(l) = 2*l**3 - 7*l**2 - 21*l + 9. Let t be -2 + (-12)/(-16)*-4. Let y(w) = -w**3 + 3*w**2 + 11*w - 5. Let m(j) = t*y(j) - 3*o(j). What is m(7)?
5
Let u(d) = 3*d - 15. Suppose 5*r - 32 = -3*c, 24 = 4*c + 4*r - 16. Let s be c/18 + 33/6. Let x be u(s). Let b(y) = 2*y - 4. Determine b(x).
2
Let z(d) = -43*d + 47 - 56*d + 93*d. What is z(8)?
-1
Let v(d) be the third derivative of -d**5/30 + d**4/6 - d**3/3 - 2846*d**2. Give v(-4).
-50
Let f(k) = 4*k - 32. Suppose 24*p - 600 = -240. Determine f(p).
28
Let d(o) = o**3 - 5*o**2 + 4. Let v = -58 - 14. Let y be ((-6)/(-18))/((-12)/v). What is d(y)?
-8
Let n = 313 - 312. Let k be (n/(-1))/(29/232). Let h(j) = -j**3 - 8*j**2 - j + 9. What is h(k)?
17
Let j(k) be the first derivative of -k**2/2 - 12. Let g be (20/35)/4 + (-16)/14. Calculate j(g).
1
Let l(r) be the first derivative of -r**5/40 - r**4/12 - 27*r**3 + 182. Let o(t) be the third derivative of l(t). Calculate o(-4).
10
Let g = -90 + 201. 